igit of -36*11/(-99) - -60958?
0
Suppose -123*z + 35*z + 1656 = 50*z. Let f(h) = 2*h. Let m be f(1). What is the tens digit of m*2/(z/141)?
4
Suppose 0 = -2*n - 2*g + 18, 4*n + 5*g - 16 = 6*g. Suppose -691 = -4*p + n*a, -a - 4*a = 4*p - 701. What is the tens digit of p?
7
Let r = 42508 - 21429. What is the tens digit of r?
7
Let c(n) = 5246*n - 7052. What is the units digit of c(8)?
6
Let l be (1 + -2)/(26/(-2938)). Suppose 2*y = -2*y - 792. Let h = l - y. What is the tens digit of h?
1
Suppose -3*o + 5*l + 48852 = 0, -o + 11542 + 4744 = -2*l. What is the ten thousands digit of o?
1
Suppose -w + 150196 = 16*w - 51254. What is the tens digit of w?
5
Let f(i) = 11*i**2 + i - 23. Let k be f(5). Let x = 391 - k. What is the tens digit of x?
3
Let o(z) = -7*z**2 + 7*z - 3. Let x(c) = 3*c**2 - 3*c + 1. Let f(m) = -4*o(m) - 9*x(m). Suppose 0*b + 48 = -8*b. What is the units digit of f(b)?
5
Let o(a) = -5*a + 1. Let f = 32 - 33. Let g be o(f). What is the units digit of (g*41)/(-3)*-1?
2
Suppose -166431 = -35*c + 509564 + 670945. What is the ten thousands digit of c?
3
Let i = 92 + -88. Suppose 5*u + k = i*u + 284, -269 = -u + 2*k. What is the hundreds digit of u?
2
Suppose -5*m + 3*u = 9, u = -3*m - 3*u + 12. Suppose h = m, -3*h - 9 = -7*o + 4*o. Suppose 4*a + o*c = 139, a - 13 = 3*c + 18. What is the tens digit of a?
3
Let w = 42272 - 552. What is the hundreds digit of w?
7
Suppose 3*q = -g - 2*q - 8, 0 = -3*g - q + 32. Suppose 3 = -3*c + g. Suppose -39 - 72 = -c*k. What is the tens digit of k?
3
Let p be (-16)/(-12) - (-11)/3. What is the hundreds digit of (-62)/(-3)*p/((-15)/(-54))?
3
Suppose 107*a - 4*a - 5*a = 1922662. What is the units digit of a?
9
Suppose 3*w = q + 2*w - 100, 0 = -2*q + w + 205. Suppose 111*n - q*n - 5772 = 0. What is the units digit of n?
2
Suppose -5*n + 102710 = -4*m, -3*m - 2*n - 2*n - 77017 = 0. What is the units digit of (-2)/(-11) - m/55?
7
What is the hundreds digit of 1901354/546 + (-2)/(-3)?
4
Let k(n) = -n**2 - 67*n + 255. Let m be (-4 + 1 + (-27)/(-15))*35. What is the tens digit of k(m)?
0
Let j = -2270 + 5445. Suppose -25*h = -30*h + j. Suppose -h = 8*c - 13*c. What is the hundreds digit of c?
1
Let b(r) = r**2 - 12*r + 99. Let z be b(9). Let c = z + -47. What is the units digit of c?
5
Let f = -193 + 198. What is the thousands digit of ((-66)/(-14) - f) + (-8129)/(-7)?
1
Let j be 4/((3 - -2)/20). Suppose g = j + 12. Suppose 0 = 3*q - 2*q - g. What is the tens digit of q?
2
Suppose -5*q - 4*q = -6*q. Suppose -7*m + q*m = 2*m. Suppose -3*o + 13*o - 520 = m. What is the tens digit of o?
5
Suppose 27*r + 6372 = 24*r. Let w = r + 3107. What is the tens digit of w?
8
Let u = 399 + -145. Suppose 6*c = -u + 284. What is the units digit of c?
5
Suppose 3*p = -18, -486*v + 484*v + 32400 = -4*p. What is the units digit of v?
8
Suppose -24*d - 42*d + 7*d + 541207 = 0. What is the thousands digit of d?
9
Let s = -5736 - -3853. Let q be -2*s/98 + (-6)/14. Let h = q + 88. What is the hundreds digit of h?
1
Suppose -24 = 4*r + 4*g, -r = -g - 0*g + 6. Let h be (-4)/(-6) - 7/r*2. Suppose -h*a = -2*v - 4*a + 99, -2*v + 3*a + 95 = 0. What is the units digit of v?
9
Let m = 14202 - 7504. What is the hundreds digit of m?
6
Let x be 1954/(-3)*(-615)/82. Suppose -2*f + 1953 = 3*g, 15*f - 20*f - 5*g = -x. What is the hundreds digit of f?
9
Suppose 45*v + 72431 = 76*v - 227091. What is the units digit of v?
2
Suppose -19*r - 799568 = -45*r - 62*r. What is the hundreds digit of r?
0
Let v(f) = 5057*f**2 - 12*f - 9. What is the units digit of v(-2)?
3
What is the thousands digit of 15/((-15)/(-5086)) + (-5 - -3)?
5
Let u = -63 - -49. Let h = u - -283. What is the units digit of h?
9
Suppose -23*s + 16*s + 56 = 0. What is the hundreds digit of (-3182)/(-8) - (-2)/s?
3
Let r(f) = f**3 + 7*f**2 + 5*f + 3. Let y be r(-5). Let t = 71 - y. Suppose 3*h - 3*o - 132 = 0, 6*o - 4*o = h - t. What is the units digit of h?
5
Let g(v) = -1562*v + 535. What is the units digit of g(-2)?
9
Let t(p) = 3*p**3 + p**2 - p - 1. Let s be t(1). Suppose d - 1465 = -3*h, 7*d = 4*h + s*d - 1928. What is the units digit of h?
7
Suppose -28*b + 25*b + k + 42548 = 0, 5*b - 70900 = 5*k. What is the units digit of b?
4
Let b = -123 + 114. Let n = b + 9. Suppose n = -u + 54 - 35. What is the units digit of u?
9
Let u = 5 - 12. Let z = 4 + u. What is the units digit of 4 - (z + 3)/(-5)?
4
What is the hundreds digit of -30*(-11)/(-33) - -4772?
7
Suppose 197 = 5*h + 3*f, -5*h + 9*f = 5*f - 204. What is the tens digit of 44/(245/h + -6)?
5
Suppose z = -5*m + 10, -3*m + 10 = 4. Suppose z = 4*y - 3540 + 928. What is the hundreds digit of y?
6
Let y = -179 + 285. Suppose -518 = 24*g - 17*g. Let t = g + y. What is the tens digit of t?
3
Let m(i) = i - 11. Let o be m(11). Suppose 5*f = -o*f - 15. What is the tens digit of (3 + (f - -1))*101?
0
Suppose 24*s = 29*s. Suppose -2*a + 1878 + 1182 = s. What is the thousands digit of a?
1
Let l(n) be the second derivative of 2*n**3 + n**2 - 149*n. What is the units digit of l(1)?
4
Suppose -11*n = 146*n - 8007. Suppose 0 = 2*b + 3*b. Suppose 2*u - n - 187 = b. What is the units digit of u?
9
Let c = -33 - -21. Let b be 45/6*1768/c. What is the units digit of 2/6 - b/15?
4
Suppose -4*s + 4296 = -n, -s - 4*n + 6422 = 5*s. What is the tens digit of s?
7
Suppose 0 = -2*j - 2*x + 36500, 2*x + 5 = -1. What is the thousands digit of j?
8
Suppose 5*n + 4*y = 15232, 8*n = 6*n - 5*y + 6103. What is the thousands digit of n?
3
Let v(h) be the first derivative of 5*h**3/3 + 11*h**2/2 + 15*h - 2084. Suppose -6*n + 2*n = 28. What is the units digit of v(n)?
3
Let k be (162/30 - 5)*25/1. Suppose k = 2*x, -x = 4*h - 5*x - 3132. Suppose -11*q = 95 - h. What is the units digit of q?
3
Suppose 0 = -4*k, -k = -3*l - 2*l + 36680. What is the hundreds digit of l?
3
Suppose -20 = -6*w - 2. Suppose 3*y + w*g - 30 = 0, y - 10 = 2*y - 4*g. Suppose -7*i + y*i + 154 = 0. What is the tens digit of i?
5
Let u(h) = -30*h + 617. What is the thousands digit of u(-50)?
2
Let f(g) be the second derivative of -5*g**3/3 + 38*g**2 - 24*g. Let m be f(-24). Suppose 4*b - m = -0*b. What is the units digit of b?
9
Let c = -467 - -458. Let x(g) = -76*g - 102. What is the hundreds digit of x(c)?
5
Let k = -13 - -15. Suppose 0 = 6*v - 14 + 38. What is the tens digit of (k/v - 2)/(5/(-60))?
3
Let h = -8726 - -79429. What is the tens digit of h?
0
Suppose -5*x = 3*b - 3*x - 14, -15 = -5*b + 5*x. Let z(j) = 24*j**2 + 6*j - 3. Let n be z(b). Suppose 4*k - 347 - n = 0. What is the hundreds digit of k?
1
Let m be 44/6 + (-6)/(-9). Suppose 9*k = m*k - 2. What is the tens digit of (-1032)/(-10) - k/(-10)?
0
Let u be (-7 - -23)*14/(-8). Let x(o) = -9*o - 180. Let z be x(0). What is the units digit of (u/42)/(2/z)?
0
Let z(d) = 2*d + 16. Suppose -2 = 2*n + 12. Let k be z(n). Suppose -g + 329 = 2*i + k*i, 0 = 3*g - 15. What is the units digit of i?
1
Let r be (-3 - 4 - -5) + 6. What is the units digit of 2/(2 - r) + 458?
7
Let h = -287 - -292. Suppose -h*r = -3*m + 673, -3*m - 8*r + 9*r + 689 = 0. What is the hundreds digit of m?
2
Let a be 32/7 - 24/(-56). Let c(p) = 11 + 8*p**3 - 7*p**3 - 2*p**2 - p + 0*p. What is the units digit of c(a)?
1
Suppose 122*x - 182 = 108*x. What is the tens digit of 5/(3 - x) + (-8325)/(-6)?
8
Suppose 0 = -3*w + 2*r + 18, 0 = 5*w - 21*r + 20*r - 23. Suppose 63*b - 58*b = -10, -5*b - 1482 = -w*n. What is the tens digit of n?
6
Let h = -1217 + 2123. Let z = h + 472. What is the thousands digit of z?
1
Suppose 5*j = -2*x - 2*x, 2*x = 0. Suppose j*n = 7*n - 5964. What is the units digit of n?
2
Suppose 2 = -o - 5*w + 34, -w = 3*o - 68. Suppose 10*m - o*m + 14868 = 0. What is the hundreds digit of m?
2
Suppose -54*j + 26*j = -24*j - 106868. What is the thousands digit of j?
6
Let n = 188 - 185. Suppose n*g = 52 + 470. What is the hundreds digit of g?
1
Suppose -4*g = -3826 + 3534. Let x be 124/(-3) - 4/6. Let y = g + x. What is the units digit of y?
1
Suppose 28*a = 75939 + 54037. What is the hundreds digit of a?
6
Let s be (-4)/(1 + -3 - 0). Let j be s + 10*1/(-2). What is the units digit of j/((-9)/40)*486/135?
8
Let t = 7752 - 1258. What is the hundreds digit of t?
4
Let o(t) = 38*t - 22 + 45 - 21. What is the units digit of o(3)?
6
Suppose 0 = -11*b - 0*b - 